{"id":28,"date":"2023-06-06T17:30:40","date_gmt":"2023-06-06T17:30:40","guid":{"rendered":"http:\/\/bsic.pl\/?page_id=28"},"modified":"2025-05-22T10:51:24","modified_gmt":"2025-05-22T10:51:24","slug":"strona-glowna","status":"publish","type":"page","link":"https:\/\/bsic.pl\/","title":{"rendered":"IN\u017bYNIERIA JAKO\u015aCI"},"content":{"rendered":"<p>strona g\u0142\u00f3wna<\/p>\n","protected":false},"excerpt":{"rendered":"<p>strona g\u0142\u00f3wna<\/p>\n","protected":false},"author":1,"featured_media":0,"parent":0,"menu_order":0,"comment_status":"closed","ping_status":"closed","template":"","meta":{"footnotes":""},"acf":[],"_links":{"self":[{"href":"https:\/\/bsic.pl\/index.php?rest_route=\/wp\/v2\/pages\/28"}],"collection":[{"href":"https:\/\/bsic.pl\/index.php?rest_route=\/wp\/v2\/pages"}],"about":[{"href":"https:\/\/bsic.pl\/index.php?rest_route=\/wp\/v2\/types\/page"}],"author":[{"embeddable":true,"href":"https:\/\/bsic.pl\/index.php?rest_route=\/wp\/v2\/users\/1"}],"replies":[{"embeddable":true,"href":"https:\/\/bsic.pl\/index.php?rest_route=%2Fwp%2Fv2%2Fcomments&post=28"}],"version-history":[{"count":5,"href":"https:\/\/bsic.pl\/index.php?rest_route=\/wp\/v2\/pages\/28\/revisions"}],"predecessor-version":[{"id":2251,"href":"https:\/\/bsic.pl\/index.php?rest_route=\/wp\/v2\/pages\/28\/revisions\/2251"}],"wp:attachment":[{"href":"https:\/\/bsic.pl\/index.php?rest_route=%2Fwp%2Fv2%2Fmedia&parent=28"}],"curies":[{"name":"wp","href":"https:\/\/api.w.org\/{rel}","templated":true}]}}